- 12*p - 1. Let v be h(-10). Let m = 77 - v. What is the tens digit of m?
5
Suppose 45*d + 10620 = 57*d. What is the tens digit of d?
8
Let s(l) = -2*l**2 - 9. Let m(c) = 9*c**2 - 2*c + 1. Let k be m(1). Let r be s(k). Let z = -74 - r. What is the units digit of z?
3
Suppose 27*y - 23967 = 42021. What is the tens digit of y?
4
Suppose f + 80 - 651 = 0. What is the tens digit of f?
7
Let a = 7 + -2. Suppose a*q - 2*v = 6, -2*q = v - 4*v + 2. Suppose -6*f - 18 = -s - q*f, -3*s + 87 = -f. What is the units digit of s?
0
Let y(w) = 6*w**2 + 2 + 1 - w - 7*w**2 - w. Let h be y(-3). Suppose h = 3*d - 7 - 5. What is the units digit of d?
4
Let d(u) be the second derivative of -u**4/12 + 19*u**3/6 + 19*u**2/2 + 18*u. What is the tens digit of d(13)?
9
Let d be 316/3 + (-6)/54*3. Let x = d - 72. What is the units digit of x?
3
Let k(i) = i**2 + 10*i - 9. Let o be k(-4). What is the units digit of (40/(-6) - 9/27)*o?
1
Let k = 29 - 24. Suppose 5*n = -k, -4*n + 10 = 3*c - c. Suppose 5*t - 180 = -3*m, -c*t - 2*m = -3*t - 144. What is the units digit of t?
6
What is the hundreds digit of 8/(-14) + 5/(35/704)?
1
Suppose -80*z - 8352 = -92*z. What is the units digit of z?
6
Let v = 2101 + -889. What is the tens digit of v?
1
Let v(i) = -26*i + 4. Let r(u) = 13*u - 2. Let o(x) = 13*r(x) + 6*v(x). Let y be o(4). What is the tens digit of 1770/y - 6/(-10)?
3
Let r = -2 - -18. Suppose 3*m + r = -2*k, -m + 3*k = 6*k + 3. What is the units digit of 3/m - 123/(-6)?
0
Suppose 12*v - 2634 = 558. Suppose -4*i = 3*i - v. What is the units digit of i?
8
Suppose -2*d + 4*u - 5057 = -3*d, 0 = 3*d - 3*u - 15156. What is the hundreds digit of d?
0
Suppose 4817 = 3*f - 2*z, 0*z - 2*z - 8023 = -5*f. What is the units digit of f?
3
Suppose 0*r + 220 = r. Suppose 5*l = l + r. What is the units digit of l?
5
Let u = -190 - -265. What is the units digit of u?
5
What is the units digit of ((-116)/(-29))/(2/179) + 5?
3
Let g(b) = -107*b**3 + b + 2. Suppose -x - 2 = x. Let a be g(x). What is the units digit of a/10 - 11/(-55)?
1
Let m = -7 - -28. Let q be (-12)/2 - (-28 - -34). What is the units digit of 4/(q/m)*-1?
7
Let n = -68 + 81. Suppose -7*y - 390 = -n*y. What is the units digit of y?
5
Suppose 3*h + h + 2*q = 44, -2*h = -3*q - 38. Let k(j) = -j**3 + 86 - 12*j + 24*j**2 - 10*j**2 - 77. What is the tens digit of k(h)?
2
Let o be (-4)/(-6)*(-8 - 4). Let i(z) = -z**2 - 7*z + 5. Let l be i(o). Let f = l - -8. What is the units digit of f?
5
Suppose 9*r = 13*r + 324. Let y = -72 - r. What is the units digit of y?
9
Let j be (-4 - (-10)/4)*-2. Suppose -4*n + 0*n + 8 = -2*o, -4*n + 4*o + 8 = 0. Suppose 5*k = 3*k + n*y + 46, -j*k + 45 = 5*y. What is the tens digit of k?
2
Let m(q) = -915*q - 4. What is the hundreds digit of m(-1)?
9
Suppose -2*d - c - 3*c = -626, d + 5*c - 328 = 0. Suppose 0 = -p - p + 5*q + d, -2*p = q - 285. What is the units digit of p?
4
Suppose -128 = 2*y + 2*u, 2*y = -0*y - 5*u - 134. Let k = 82 + y. What is the units digit of k?
0
Let g = 2045 + -1125. What is the hundreds digit of g?
9
What is the thousands digit of (-9557)/(-9) + 4 + (-5)/(-45)?
1
Let i(h) = -2*h + 21. Let d be i(14). Let t(w) = -5*w + 15. What is the units digit of t(d)?
0
Let h = -13 + 18. Suppose -105 + 0 = h*j. Let v = 31 + j. What is the units digit of v?
0
Let f(q) = -q**3 - 6*q**2 + 9*q + 5. Let n(y) = y**3 - 5*y**2 + 4*y - 1. Let p be n(3). Let z be f(p). Let r = 36 + z. What is the tens digit of r?
2
Suppose -5*p - 3*h - 2807 = 0, -2*p - h + 2791 = -7*p. Let g = -330 - p. What is the hundreds digit of g?
2
Let b = 1901 - 1095. What is the tens digit of b?
0
Let s(y) = -4*y**3 - 2*y**2 - 3*y**2 + 4*y + 3*y**3 + 4 + 8*y**2. Let t be s(4). What is the units digit of t*(3 + (-10)/4)?
2
Suppose -7*i = -8*i + 379. Let o = -157 + i. Suppose g = 5*g - 2*b - o, -g - 5*b + 83 = 0. What is the units digit of g?
8
Suppose -13022 = -6*y - 2072. What is the tens digit of y?
2
Let z be -4 - ((-3 - -2) + -3). What is the units digit of 87*(1 - z/(-2))?
7
Suppose -c - 3*n + 1 - 6 = 0, 5*c = -n + 17. Suppose -2*b = -c*b + 18. Let d = 19 - b. What is the tens digit of d?
1
Suppose -17*b + 2*k - 4042 = -21*b, -3*b + 3034 = 4*k. What is the thousands digit of b?
1
Let w(q) = -5*q - 17. Let b be w(-4). Suppose 5*v - b = 2*j - 164, -4*v + 280 = 4*j. What is the units digit of j?
3
Suppose -5*q + i - 82 = 250, q + 3*i + 60 = 0. Let n = q + 110. What is the tens digit of n?
4
Suppose 4*p + 5*h - 2 = 4, -4*p - 4*h = -8. Suppose 34 = p*z - 58. What is the units digit of z?
3
Suppose w + 11 = -6*l + 4*l, 3*w - 15 = 0. Suppose -468 = -3*q - q. What is the tens digit of 4/l - q/(-6)?
1
Suppose 3038 = 2*z - 4*y - 0*y, 0 = 3*y - 12. What is the thousands digit of z?
1
Let q(i) = -i**2 + i. Suppose 0 = k - 3*r + 5, 5*k - 8 + 33 = r. Let t be q(k). What is the units digit of (-79)/(-3) - t/45?
7
What is the hundreds digit of ((-14)/4)/(33/(-7326))?
7
Suppose -18*c - 11*c + 34046 = 0. What is the hundreds digit of c?
1
Let u(t) = t + 6. Let h be u(-7). Let g(q) = -q - 1. Let k be g(h). What is the units digit of (-6)/(-1) + (3 - k)?
9
Let c = 40 - 46. What is the units digit of (4242/(-63))/(4/c)?
1
Let r = 112 - 107. Suppose -7*a = -r*a - 492. What is the hundreds digit of a?
2
Suppose 0 = -42*b + 46*b - 1968. What is the units digit of b?
2
Suppose -2*r - 4*f = -494, 15*r - 968 = 11*r - 4*f. What is the hundreds digit of r?
2
Let o(y) be the third derivative of 137*y**5/60 - 5*y**4/24 + y**3/6 - y**2 - 18*y. What is the hundreds digit of o(1)?
1
Let c(g) = g + 1. Let n(k) = 6*k**2 - 17*k + 1. Let d(m) = -3*c(m) + n(m). What is the units digit of d(6)?
4
Suppose -q - 3*j - 4 = -2*j, 2*q - 13 = 5*j. Let a be ((-2)/(-6))/(q/(-159)). Suppose 3*i + 5*m = a, 3*i + 14 - 58 = 4*m. What is the tens digit of i?
1
Suppose 2*p - 4*s = 0, 0 = 2*p - 2*s + 10. Let y = p + -6. Let m = y + 28. What is the units digit of m?
2
Suppose -2412 = -4*q - 4. What is the tens digit of q?
0
Let u = -1367 + 896. Let w = -316 - u. What is the units digit of w?
5
Let b(o) = 2*o**3 - 2*o**2 + 2*o - 3. Let a be b(2). Suppose r + a = -3*p, r + 2*p = 6*r - 40. What is the units digit of r?
6
Let z(c) = -c**2 - 14*c + 2. Let d be z(-9). Let n = 120 - d. What is the tens digit of n?
7
Suppose 2*u - 3589 = 4875. Let v be (-2)/(-9) - u/(-72). Let c = -21 + v. What is the units digit of c?
8
What is the units digit of (2 + (-176)/(-5))/(10/175)?
1
Let u be ((-3)/2)/(2/(-116)). Let h = -120 + 125. Suppose -u - 248 = -h*s. What is the tens digit of s?
6
Suppose -4*u + 62 = -6*u. Let r = 14 - u. What is the units digit of r?
5
Suppose 9*v = -1664 + 20834. What is the thousands digit of v?
2
Let d(j) = 6*j - 11. Suppose -5*t + 5 + 15 = 0. Let s be d(t). Suppose 5*y - 3*k - 95 = 0, 3*k - s = -4*y + 90. What is the units digit of y?
2
What is the hundreds digit of (-15078)/(-18) - -2 - 4/6?
8
Suppose 0 = 5*h - 2*h. Suppose h = -4*c + 11*c. Suppose c*w + s = 3*w - 126, -5*s = -w + 28. What is the tens digit of w?
4
Let y(m) = m + 5. Let j be y(-14). Let u(a) = a**2 + 8*a + 8. What is the units digit of u(j)?
7
Let o(y) = 33*y + 20. Let r = -18 - -21. What is the hundreds digit of o(r)?
1
Suppose -a + 3*a - 2 = 0. Let d(s) = 19*s**3 - 2*s**2 + 1. Let i be d(a). Suppose -5*q + i = q. What is the units digit of q?
3
Let k = 3593 + -1947. What is the hundreds digit of k?
6
Let s(j) be the third derivative of -j**6/120 + j**5/12 + 5*j**4/24 + 7*j**3/6 + 5*j**2. Let c be s(5). Suppose 5*l - c = l. What is the units digit of l?
8
Let u = -43 - -41. Let d(z) = -4*z**3 - 6*z - 4. What is the units digit of d(u)?
0
Let p = 2067 - -1348. What is the tens digit of p?
1
Let s = 5 + 27. Let t = s - 31. What is the units digit of (-16 - -24)/(1/t)?
8
Let k be (-10)/(-45) + 86/18. Suppose -93 = -k*w + 67. Suppose -36 = -c + 2*p, p = c - 0*c - w. What is the tens digit of c?
2
Let i = -273 + 520. Let d = i + -119. What is the units digit of d?
8
What is the tens digit of (-30)/(-36) + 36421/42?
6
What is the hundreds digit of -1358*(0 - 2) + -147 + 150?
7
Let o(x) = 49*x + 156. What is the hundreds digit of o(8)?
5
Suppose 5*i = -s - 0*i - 8, s - 4*i = 10. Let g(m) be the third derivative of m**4/3 + m**3/6 + 45*m**2. What is the tens digit of g(s)?
1
Suppose 2*h + 5*i = -